s the remainder when 1153 is divided by k?
75
Let r(k) be the first derivative of 17*k**3/3 + k**2 - k + 78. Let t = -1 + 2. What is the remainder when r(t) is divided by 7?
4
Let s = 610 - 542. What is the remainder when s is divided by 12?
8
Let h(v) = v + 8. Let o(c) = -5*c - 41. Let u(q) = 11*h(q) + 2*o(q). Let g be u(-6). Calculate the remainder when 94*(-1)/(-1 + g) is divided by 24.
22
Suppose 2 - 14 = -4*d. Let l(h) = 2*h**2 + 3*h + 2. Calculate the remainder when l(-4) is divided by d.
1
Suppose 5*s + 2*f = 45 + 52, -89 = -5*s - 4*f. Calculate the remainder when 103 is divided by s.
19
Let c(v) = v**2 - 2*v + 82. Calculate the remainder when c(35) is divided by 62.
59
Suppose x - 3*x = 3*p + 109, -2*x + 5*p = 149. Let b = -133 - x. Let k = -22 - b. Calculate the remainder when k is divided by 13.
10
Let d = 10 + -12. Let j(h) = -6*h - 2. Calculate the remainder when j(d) is divided by 6.
4
Suppose 0 = -3*s + 3*r - 3 + 42, 0 = s + 6*r + 1. What is the remainder when (-2)/(104/54 - 2) is divided by s?
5
Suppose -13 = -2*b + 11. Let g = -8 + 20. Calculate the remainder when ((-21)/b)/(6/(-72)) is divided by g.
9
Suppose 4*j - 2 = d - 3, 3 = -3*j. Let c be -6*1/(-8)*44. Let f = c + d. What is the remainder when f is divided by 16?
14
Let u(g) = -g**3 - 8*g**2 + 4*g - 5. Let y(x) = -3*x**3 - 24*x**2 + 11*x - 14. Let k(b) = 8*u(b) - 3*y(b). Calculate the remainder when 109 is divided by k(-8).
9
What is the remainder when 1392/12 - (8/(-2) - 2) is divided by 3?
2
Suppose 0 = -11*v + 6*v + 385. Let r(z) = -z**3 - 7*z**2 + z + 8. Let x be r(-7). What is the remainder when v is divided by -3 + x + 5 - -23?
25
Let p(r) = 75*r**2 - 8*r + 8. Calculate the remainder when p(2) is divided by 42.
40
Let n = -88 - -116. Calculate the remainder when n/49 + 891/21 is divided by 22.
21
Suppose -52*r + 114 = -50*r. Calculate the remainder when r is divided by 31.
26
Suppose 2*y = -y + 84. Let b = 604 + -554. What is the remainder when b is divided by y?
22
Suppose 0 = -2*d + 323 - 201. Calculate the remainder when 156 is divided by d.
34
Let l(o) = -6*o - 11. What is the remainder when (3 + -1 - 244)*(-3)/6 is divided by l(-6)?
21
Let y = -27 + 56. Let a = y + 9. Calculate the remainder when a is divided by 13.
12
Let s(k) = k**3 + 14*k**2 - 17*k - 6. Let u = -17 - -21. Suppose -u*j + 6*j = -30. Calculate the remainder when s(j) is divided by 13.
11
Calculate the remainder when 18 is divided by 18 - ((-5)/1 + 11).
6
Let g(l) = 23*l**2 + 3*l - 10. What is the remainder when g(2) is divided by 49?
39
Let q = -1886 + 1892. Calculate the remainder when 31 is divided by q.
1
Let s(w) = w**2 - 28*w - 534. What is the remainder when 109 is divided by s(42)?
1
Let r = 51 - 74. Let d = r + 50. Suppose d*p + 620 = 31*p. Calculate the remainder when p is divided by 39.
38
Let i(l) = -l + 11. Let g be ((-2)/(-3) + -1)*-24. Calculate the remainder when 11 + -5 + 0/(-2) is divided by i(g).
0
Let p(q) = q**3 - q**2 + 3*q + 58. What is the remainder when p(0) is divided by 5?
3
Let w(t) = -4*t + 3. Let o be w(-5). Let k(c) = -c**2 - 47*c - 273. Calculate the remainder when k(-39) is divided by 2/3*(o - 2).
11
Suppose 5*u - 4*n = -2, -4*u + 5 = -0*u - n. Suppose 2*h = d - 2, 2 = 2*h - 4*d + d. What is the remainder when 0 - (0 - (0 - h)) is divided by u?
0
Suppose 4*b = 8 + 24. Suppose -9 = -0*r - 3*r. Suppose 0 = r*q - b*q + 390. Calculate the remainder when q is divided by 20.
18
Let v(k) = 2*k**2 - 4. Let p = -2 - -5. Let t be 3*p/(-3)*-1. Calculate the remainder when 41 is divided by v(t).
13
Let n = 621 + -616. Suppose -36 + 0 = -4*z. What is the remainder when z is divided by n?
4
Suppose 119 = 5*v - 176. Suppose -c = l - 6 - 13, -v = -3*l - 5*c. What is the remainder when l is divided by 10?
8
Let w be (9/3 + -7)/1. Let b be (w - (-3 - 0))*26. Calculate the remainder when (-114)/(-4) - 13/b is divided by 8.
5
Calculate the remainder when 25 is divided by -6*((-28)/(-3) + -3 - 8).
5
Let h = -982 - -1034. Calculate the remainder when 59 is divided by h.
7
Suppose -4*c - 3*r = 94, 0 = c + 4*r + 14 + 16. Let o = c - -25. What is the remainder when 7 is divided by (o + 0)/(1/1)?
1
Suppose 0 = -0*s + 4*s - 24. Suppose 5*d - s*d = -7. What is the remainder when d is divided by 3?
1
What is the remainder when (-784)/(-12) + 10 + (-2)/(-3) is divided by 26?
24
Let l(d) = -d**2 + d + 1. Let s be l(1). Suppose -2*u - 2 - 2 = -4*q, 4*q = -3*u + 14. What is the remainder when q/s*(-63)/(-6) is divided by 6?
3
Let u(s) = 2*s**3 + 3*s**2 - 2*s - 3. Let k be 9/3*(-3)/3. Let j be u(k). Calculate the remainder when 14 is divided by 0/2 + j/(-3).
6
Suppose 4*w - 1165 = 3*i - 0*i, i = -3. What is the remainder when w is divided by 37?
30
Let s(b) = b**2 + 5*b - 18. Let p be s(4). Let y = p - 6. What is the remainder when y is divided by 7?
5
Let o = 324 - 317. What is the remainder when 32 is divided by o?
4
Let h = -3 + 5. Suppose 5*l = h*l + 3. Calculate the remainder when l/4 + (-781)/(-44) is divided by 5.
3
What is the remainder when 156 is divided by 30 - 6 - (-4)/(8/6)?
21
Suppose 3*b - k - 38 = -0*b, -2*b - 4*k + 44 = 0. Let c be (-2 + 3)*804/(-2). What is the remainder when (c/(-3))/(4/2) is divided by b?
11
Calculate the remainder when 1*-8 + (272 - -30) is divided by 14.
0
Suppose 6*i - 428 = 2*i. Suppose -31*l = 331 - 641. Calculate the remainder when i is divided by l.
7
Let l = 8 + -4. Suppose 4*p = -3*o + 35 + 144, -5*o = l*p - 293. What is the remainder when o is divided by 16?
9
Let c(q) = q**3 - 27*q**2 + 54*q - 19. What is the remainder when c(25) is divided by 14?
11
Suppose 46*w + 6723 = 127*w. What is the remainder when 265 is divided by w?
16
Suppose 0 = 5*n - 3*n - 5*k + 8, 5*n - 5*k + 20 = 0. Let s = 1 + n. Calculate the remainder when (2/s)/((-4)/126) is divided by 6.
3
Suppose -4 = -q - 12. Suppose f = -8 + 46. Calculate the remainder when f is divided by (q/(-6))/(18/54) + 16.
18
Suppose 0 = -m - m + 26. Let b = -4 + m. What is the remainder when b is divided by 9?
0
Suppose 4*b + 2*m + 52 = 0, 3*b - 13 = 4*b - 3*m. Let f = 32 + b. Calculate the remainder when 75 is divided by f.
18
Let f = -22 + 27. Suppose q - k = f, 2*k = -4*q - 3*k + 29. Calculate the remainder when 21 is divided by q.
3
Suppose -3*g = 2*c - g - 20, 5*g - 15 = 0. Let h(v) = 6*v + 15. Let w be h(c). Let y = -34 + w. What is the remainder when y is divided by 6?
5
Let r(g) = -2*g + 31*g - 13*g**3 - 20 + 12*g**3 + 27*g**2. What is the remainder when (0 - -2)/(2/13) is divided by r(28)?
5
Let s = -760 + 793. What is the remainder when 163 is divided by s?
31
Suppose -3*f = -2*g - 240 - 247, f - g = 164. Calculate the remainder when f is divided by 8.
7
Suppose -3*v - 3*p + 2124 = 0, 0*v - 2835 = -4*v - 3*p. What is the remainder when v is divided by 31?
29
What is the remainder when 104 is divided by 2 - (52/(-5) + 4/10)?
8
Let f(q) = 3*q**2 - 2*q - 4. Suppose 2*x - x - 5*o + 7 = 0, -x = -4*o + 5. Calculate the remainder when 43 is divided by f(x).
9
Suppose -147*y = -144*y - 4*r - 157, 2*r + 155 = 3*y. Calculate the remainder when 225 is divided by y.
21
Let v = -3 + 7. Suppose -3*q + 218 = -d, -4*q - 5*d + 1 = -277. Suppose 2*y + 2*y = q. Calculate the remainder when y is divided by v.
2
Suppose -6*i + 13*i - 238 = 0. Calculate the remainder when 50 is divided by i.
16
What is the remainder when (430/4 + -7)*(-2)/(-3) is divided by 15?
7
Let n be (-6)/3*65/(-2). Suppose -2*j + 4 = 2*k - 38, n = 5*j - 3*k. Let r = -13 + j. What is the remainder when 7 is divided by r?
1
Let h(o) = -4*o + 348. Calculate the remainder when h(28) is divided by 113.
10
Let i(w) = 22*w**2 + 195*w - 21. Calculate the remainder when 6 is divided by i(-9).
0
Suppose 4*i + 13 = 5*o - 17, 2*i + 2 = -4*o. Let a be (-3 + (-2)/(-1))*o. Calculate the remainder when a*5/10 - -50 is divided by 10.
9
Suppose 3*u + 102 = 4*u. Calculate the remainder when 21*-1*(-28)/12 is divided by (3/6)/(3/u).
15
Let l be 4*2/2*-11. Let r = -33 - l. Calculate the remainder when 17 is divided by r.
6
Suppose 5*c + 48 = 4*f + c, 3*f + 2*c = 41. Let y(k) = k**2 - 24*k + 26. Let t be y(8). Let u = t + 149. What is the remainder when u is divided by f?
8
Suppose d = -2*r + 17, 2*r + 48 = 5*r - 3*d. Suppose 2*o = o + 195. Suppose 5*y = -5*